341 (base 6) to base 3.
110221
What is 517 (base 12) in base 4?
23203
What is -9e73 (base 15) in base 7?
-200025
445243 (base 6) to base 8
111133
What is -101010010111011 (base 2) in base 4?
-11102323
-1000010101010101 (base 2) to base 7
-201341
Convert -210460 (base 7) to base 9.
-54651
Convert 77363 (base 8) to base 3.
1122120200
What is 144 (base 8) in base 16?
64
-4378 (base 10) to base 5
-120003
What is -1110011010110 (base 2) in base 13?
-348b
Convert 22e1 (base 15) to base 3.
101011111
Convert -a30 (base 15) to base 14.
-b9d
-7877 (base 15) to base 12
-12941
Convert -22441 (base 5) to base 13.
-979
Convert 4433 (base 5) to base 11.
512
1101110010000 (base 2) to base 11
5335
215 (base 15) to base 3
122102
Convert -4130 (base 5) to base 14.
-2a8
Convert 1520 (base 13) to base 16.
bfc
What is c933 (base 16) in base 6?
1034243
-31015 (base 6) to base 15
-1345
Convert e3a (base 16) to base 13.
1872
What is 76335 (base 9) in base 6?
1030052
Convert -1100200 (base 3) to base 4.
-33132
-14914 (base 10) to base 3
-202110101
What is -537 (base 11) in base 15?
-2d0
211200 (base 3) to base 7
1533
What is 4011044 (base 5) in base 3?
10012210111
ebf (base 16) to base 6
25251
Convert -28420 (base 9) to base 7.
-110154
-116502 (base 7) to base 16
-5409
106345 (base 7) to base 15
599a
Convert 4b4 (base 12) to base 14.
38c
What is 122342 (base 8) in base 4?
22103202
-22102123 (base 4) to base 12
-20477
What is 100101101000 (base 2) in base 6?
15052
What is -1111111 (base 4) in base 13?
-2641
3922 (base 12) to base 16
196a
Convert -17656 (base 9) to base 7.
-50400
What is 11423 (base 10) in base 4?
2302133
Convert 638 (base 16) to base 9.
2158
-1a920 (base 14) to base 7
-401140
What is 2242 (base 5) in base 16?
142
-3b20 (base 16) to base 4
-3230200
Convert 7140 (base 15) to base 12.
11a06
320120 (base 4) to base 8
7030
Convert -13003 (base 6) to base 15.
-89c
Convert -667 (base 8) to base 6.
-2011
Convert -35134 (base 7) to base 9.
-13301
112cc (base 13) to base 12
16114
-110101110111 (base 2) to base 8
-6567
22143 (base 6) to base 16
c0f
What is -63220 (base 7) in base 10?
-15547
What is fb78 (base 16) in base 8?
175570
What is -1916 (base 10) in base 13?
-b45
7723 (base 9) to base 13
278a
670 (base 8) to base 10
440
What is 181b (base 15) in base 7?
21110
Convert -327a (base 13) to base 3.
-100122101
-322211 (base 5) to base 14
-3dab
Convert 212001110 (base 3) to base 2.
100000110100110
What is -541 (base 7) in base 2?
-100010010
b347 (base 12) to base 16
4c27
What is -1014 (base 5) in base 2?
-10000110
-2797 (base 15) to base 8
-20423
-866 (base 16) to base 13
-c95
What is -27b91 (base 13) in base 11?
-50a58
Convert -20211 (base 3) to base 12.
-134
3412 (base 5) to base 16
1e2
1cbd (base 15) to base 8
14155
1224 (base 11) to base 12
b13
What is 47c2 (base 14) in base 3?
122011122
Convert 2448 (base 15) to base 5.
221333
What is -11111111110 (base 2) in base 15?
-916
What is 100111010011 (base 2) in base 8?
4723
What is -43023 (base 6) in base 5?
-141342
-328 (base 10) to base 7
-646
What is 2146 (base 9) in base 10?
1581
What is 212201 (base 3) in base 4?
22000
Convert -221 (base 5) to base 2.
-111101
What is 8580 (base 9) in base 6?
45113
What is -16905 (base 11) in base 8?
-56251
What is -5635 (base 10) in base 9?
-7651
What is -122a (base 11) in base 10?
-1605
Convert -3211 (base 15) to base 4.
-2211133
What is -16163 (base 14) in base 4?
-31131323
What is -424024 (base 5) in base 8?
-33670
What is -289 (base 14) in base 9?
-630
Convert -440 (base 10) to base 6.
-2012
What is -416 (base 8) in base 5?
-2040
Convert -103a1 (base 13) to base 7.
-151062
What is c15d (base 14) in base 11?
22a49
201006 (base 7) to base 3
1201120220
-3052 (base 7) to base 5
-13231
Convert -4db4 (base 16) to base 5.
-1114032
361 (base 12) to base 13
2cb
Convert 15b (base 15) to base 16.
137
Convert -1525 (base 9) to base 10.
-1157
-123011 (base 5) to base 16
-1294
What is 34054 (base 6) in base 10?
4786
What is 211101 (base 3) in base 4?
21130
Convert 10200 (base 4) to base 10.
288
What is 46a9 (base 12) in base 4?
1323201
Convert -1a032 (base 12) to base 2.
-1001010010100110
202120012 (base 3) to base 9
22505
What is 87 (base 16) in base 2?
10000111
Convert -6899 (base 14) to base 15.
-55b2
645 (base 9) to base 7
1352
100101100 (base 2) to base 11
253
-1337 (base 11) to base 12
-1006
Convert 1b7 (base 15) to base 11.
331
Convert -38b (base 16) to base 14.
-48b
Convert -330343 (base 6) to base 10.
-27351
Convert -1101 (base 4) to base 9.
-100
What is 217 (base 15) in base 12?
334
-270 (base 16) to base 9
-763
Convert -4634 (base 9) to base 10.
-3433
Convert 308d (base 14) to base 3.
102110112
Convert -12212001 (base 3) to base 12.
-2577
What is -3050 (base 6) in base 11?
-567
-1403014 (base 5) to base 13
-cc90
What is 10110011110 (base 2) in base 10?
1438
What is 2221120 (base 3) in base 10?
2148
Convert -2546 (base 9) to base 13.
-b37
606 (base 9) to base 3
200020
-72b1 (base 12) to base 14
-47c1
What is -7feb (base 16) in base 2?
-111111111101011
Convert ee2 (base 15) to base 2.
110100100010
Convert -f (base 16) to base 13.
-12
Convert 1198 (base 11) to base 8.
3027
Convert 1547 (base 9) to base 13.
6c7
What is 84e (base 15) in base 16?
752
Convert 13722 (base 11) to base 12.
b355
Convert -4226 (base 10) to base 3.
-12210112
Convert 2032 (base 5) to base 8.
413
-185a (base 11) to base 8
-4474
What is 100100212 (base 3) in base 9?
10325
-411512 (base 6) to base 3
-1122222222
Convert -1000010010 (base 2) to base 3.
-201122
Convert 1405 (base 16) to base 2.
1010000000101
Convert 163 (base 9) to base 12.
b6
What is -1001110110000 (base 2) in base 9?
-6820
Convert -757 (base 12) to base 7.
-3064
-7bcc (base 14) to base 16
-5428
What is -667 (base 14) in base 4?
-103303
Convert 17be (base 16) to base 3.
22100010
What is 2010 (base 3) in base 9?
63
26520 (base 7) to base 14
2847
180a (base 11) to base 4
210011
1c42 (base 13) to base 16
10b7
Convert -10433 (base 6) to base 11.
-1109
What is 13141 (base 6) in base 12?
11b1
Convert -112 (base 3) to base 2.
-1110
Convert -1651a (base 12) to base 9.
-47614
Convert 111100011000 (base 2) to base 9.
5263
What is 255b (base 12) in base 4?
1002113
512 (base 12) to base 10
734
-1100111001 (base 2) to base 15
-3a0
What is -313 (base 15) in base 5?
-10233
Convert bb81 (base 16) to base 2.
1011101110000001
What is -10b5 (base 12) in base 16?
-749
-1b45 (base 15) to base 10
-5915
Convert -605 (base 14) to base 15.
-53b
What is -24349 (base 13) in base 3?
-10101012011
What is -148 (base 13) in base 8?
-345
What is 14400 (base 7) in base 16?
f81
Convert -2535 (base 7) to base 15.
-43c
What is 7375 (base 8) in base 15?
120c
-2411 (base 5) to base 15
-18b
Convert -1ad8 (base 16) to base 6.
-51452
Convert -bba8 (base 13) to base 16.
-6634
Convert -7ca (base 13) to base 8.
-2505
-671 (base 8) to base 16
-1b9
What is -4508 (base 11) in base 6?
-43253
41a (base 13) to base 7
2016
Convert -37452 (base 8) to base 6.
-202510
7546 (base 11) to base 12
5930
What is 547b (base 14) in base 10?
14613
What is -1125 (base 7) in base 3?
-120020
What is 321421 (base 6) in base 3?
1100001211
What is -1001000010 (base 2) in base 7?
-1454
What is 1224030 (base 5) in base 3?
1012102120
24673 (base 8) to base 4
2212323
-5cf7 (base 16) to base 7
-126246
What is 703b (base 13) in base 9?
23143
-1d7 (base 14) to base 8
-601
What is -10544 (base 6) in base 9?
-2051
Convert -45091 (base 10) to base 6.
-544431
What is 4bb (base 14) in base 16?
3b5
What is -17f1 (base 16) in base 6?
-44213
-10001110100000111 (base 2) to base 8
-216407
5e (base 15) to base 10
89
3105 (base 6) to base 11
577
What is -41 (base 12) in base 2?
-110001
Convert -12022111 (base 3) to base 13.
-19c0
Convert -1112330 (base 4) to base 9.
-7562
Convert -11253 (base 6) to base 2.
-11001010001
What is -4c37 (base 13) in base 10?
-10862
What is 413 (base 9) in base 14?
1a0
Convert -146 (base 12) to base 8.
-306
What is 1482 (base 9) in base 14?
5a7
Convert 3130 (base 9) to base 11.
17a7
What is 2916 (base 13) in base 2?
1011100101110
What is -101202 (base 3) in base 8?
-442
Convert 172 (base 12) to base 14.
126
2220003 (base 5) to base 11
27130
What is -4a2 (base 12) in base 14?
-37c
Convert -3255 (b